 2*d, -4*d - 47 = -5*y. Let n(z) be the first derivative of z**4/4 - 2*z**3 - 2*z**2 - 9*z - 1. What is the units digit of n(y)?
2
Suppose 0 = 20*h - 23*h + 54. What is the units digit of h?
8
Suppose 5*s = 4*r + 17 + 2, -r + 3*s - 3 = 0. Let h = -19 - -11. Let c = r - h. What is the units digit of c?
2
Let f be (6/(-9))/((-4)/6). Suppose 2*y - 4*t = 6, 2*y - 2*t = f + 7. What is the units digit of y?
5
Let j = -12 - -21. Let n(y) = y. Let s be n(-2). Let g = s + j. What is the units digit of g?
7
Let f(t) = t**3 + 8*t**2 - 2*t + 2. Let a be f(-8). Suppose 4*c = c + a. What is the units digit of c?
6
Let o(h) = -h**3 - h**2 - 1. Let v(u) = 4*u**3 + 10*u**2 + 11*u - 2. Let t(k) = -5*o(k) - v(k). What is the tens digit of t(7)?
2
Let i be ((-6)/(-2))/(-1 - -2). Suppose -4*y + i*p = -1, 5*p - 7 = -3*y + y. What is the tens digit of (33/3 + -1)/y?
1
Let r(t) = t**2 - t. Suppose -4*z = 2*g + 16, -3*z + 0 = -2*g + 19. Let u be r(g). Suppose -u*l + 3*h + 27 = 0, l + 2*h - 5 = -2. What is the units digit of l?
9
Suppose c + 2*r + 3 - 6 = 0, -2*c + 6 = -5*r. Let x = 4 - c. What is the units digit of 1/(2/6*x)?
3
Let a be (-3)/(-6) - (-14)/4. Suppose -2*p + 4 + 4 = 0, 3*b = a*p - 28. Let x = 7 + b. What is the units digit of x?
3
Let c = 1 + -3. Let f(b) = -2*b - 2. What is the units digit of f(c)?
2
Suppose 3*u = -n + 12, -4*u = -n - 3*u. Let v(q) = -5*q - n + 3*q + 4*q. What is the units digit of v(4)?
5
Let o(t) = t**3 - 16*t**2 + 2*t + 1. What is the units digit of o(16)?
3
Let m(l) be the third derivative of l**5/60 + l**4/12 - l**3/3 + 5*l**2. What is the tens digit of m(-6)?
2
Let k(h) = h**2 + 20*h - 42. What is the tens digit of k(-24)?
5
Let t(m) = -18 + 2 - 3*m + m - 2. What is the units digit of t(-12)?
6
Let d be 2/(-12) - 559/(-6). Suppose 0 = -5*h - d - 2. Let l = -7 - h. What is the units digit of l?
2
Let i = -2 + 21. What is the units digit of i?
9
Let f(x) = x**3 - x + 2. Let w be (-13)/5 + (-2)/5. Let p(m) = -m**2 - 3*m. Let h be p(w). What is the units digit of f(h)?
2
Let q(t) = t**3 - 2*t**2 - 10*t + 10. What is the tens digit of q(6)?
9
Suppose -2*d + 261 = -5*o, 2*d - 4*o + 7*o - 269 = 0. What is the tens digit of d?
3
Let p(l) = -2*l**3 + 7 + l + 2*l**3 + l**3 - 2*l**3 + 12*l**2. What is the tens digit of p(12)?
1
Let i(f) = f**3 + f**2 - 4*f + 3. Let t be i(2). What is the units digit of 4/10*5 + t?
9
Suppose -c + 2 = c, 15 = 5*x - 5*c. Suppose 3*a + 2*o - 78 = -2*o, 10 = a - x*o. What is the tens digit of a?
2
Let p(b) = -17*b + 1. Let o be p(3). Let h be (-4)/(-6) - o/15. Suppose 0 = -q + 15 - h. What is the tens digit of q?
1
Let z(a) = -2*a - 19. Let h be z(-8). What is the tens digit of 3*(-1 - 52/h)?
4
Let x = -3 - -1. What is the units digit of (x/3)/((-5)/285)?
8
Let z(r) = 41*r**3 - r + 1. What is the tens digit of z(1)?
4
Let i(b) = -2*b**2 + 7*b - 3. Let c(x) = -3*x**2 + 6*x - 2. Let v(y) = 3*c(y) - 4*i(y). Let a = 4 - 14. What is the units digit of v(a)?
6
Let y = -23 - -194. What is the hundreds digit of y?
1
Let f(x) = x + 6. Let s be f(0). Let n be (3/(-9))/((-2)/s). What is the units digit of 10/5 - (1 - n)?
2
Let l = 5 - 3. Suppose -4*b = -r + 36, 8 = -0*b - l*b. What is the units digit of r?
0
Let a be ((-12)/15)/((-4)/20). Suppose -k = -a*k + 105. What is the units digit of k?
5
Let q(i) = i**3 + 3*i**2 + 2*i + 3. Let b be q(-3). Let j(o) = o**2 - 4. Let a be j(3). Let x = b + a. What is the units digit of x?
2
Suppose -w - 4*y = -6*w + 47, -4*w + 43 = -5*y. Suppose 0 = -2*t - 3*m - 1, -5*t - 9 = 3*m + w. Let x = t - -10. What is the units digit of x?
5
Suppose 0*r + 4 = 2*r. What is the units digit of r?
2
Suppose -2*j - 3*k = -127, j + 0*j - 61 = -4*k. What is the units digit of j?
5
Let q = -1 - -3. Suppose 8*l - 3*l = -2*p + 5, q*l - 16 = 2*p. What is the units digit of l?
3
Let n(h) = 2*h**2 + 6*h. Let w be n(-3). Suppose w = -0*r + 4*r - 76. What is the units digit of r?
9
Suppose -2*o + 5 = 3. Let f be o/3 + (-40)/(-6). Let s = f + -1. What is the units digit of s?
6
Suppose -1 = -3*a + 8. Suppose m - 96 = -a*m. What is the units digit of m?
4
Suppose 0*l - 195 = -l. What is the units digit of l?
5
What is the units digit of (22/(-3))/((-8)/252)?
1
Let m = 8 - 6. Suppose 0*i - 4 = -m*i. Suppose 0*x - 2*x = -i*c - 10, 2*c - 4 = 0. What is the units digit of x?
7
Suppose 4*u + 30 = 2*w, 5*u = -7*w + 4*w - 10. Suppose f - 15 = -2*d, 5*d - 13 - 2 = 2*f. Suppose w*x = -5, 0 = s - 5*x - f - 4. What is the units digit of s?
4
Let g(q) = 48*q - 5. What is the tens digit of g(1)?
4
What is the units digit of ((-4)/12)/((6/3141)/(-2))?
9
Let a(w) be the first derivative of -3*w + 3 - 1/3*w**3 + 7/2*w**2. What is the units digit of a(6)?
3
Let y(j) = -4*j**3 + 19*j**2 + 5*j - 4. Let r(f) = 2*f**3 + f**3 - 2*f + 3 - 13*f**2 - f. Let m(o) = -7*r(o) - 5*y(o). What is the units digit of m(-3)?
2
Suppose -246 = -4*s - 5*w, 5*w + 120 - 12 = 2*s. What is the units digit of s?
9
Suppose -704 = -5*i + i. What is the units digit of i?
6
Let g be 8/(-28) - 47/7. Let w be (1 - 14) + (0 - -1). Let z = g - w. What is the units digit of z?
5
Let d(h) = 89*h + 4. What is the units digit of d(2)?
2
Suppose 61 = 3*o + o - 5*b, -3*b + 21 = 4*o. What is the units digit of o?
9
Let d be 12/((-1)/(2 - 1)). Let r be 2/6 + 4/d. Let f = 2 - r. What is the units digit of f?
2
Let c = -3 + 0. Let a = 5 + c. Suppose q = 3*u - 1 + a, -3*q = 5*u - 17. What is the units digit of u?
1
Suppose -8 = -2*p, 4*p = 5*d - 0*d - 9. Suppose -15 = -6*c + d*c. What is the units digit of c?
5
Let i = 8 - 20. What is the units digit of (-36)/(-16) - (-3)/i?
2
Suppose -3*v - 3*k = -63, 0 = -v - v + 4*k + 54. What is the units digit of v?
3
Suppose -2*h + 6 = -0. Suppose 0 = h*u + 43 - 124. What is the units digit of u?
7
Let k(s) = 2*s**2 + 2. Let v(g) = g - 8. Let c be v(6). Let w be k(c). Suppose 5*l = -a - 6, a - l - w = 2*l. What is the units digit of a?
4
Let s(w) = 2*w**3 + w**2 + 3*w - 3. Let i be s(2). Suppose 0 = -c + 5*o, 2*c - 4*o - i = 7. Let y = -18 + c. What is the units digit of y?
7
Let n = 87 - 53. Suppose -4*d + n = v, -2*v + 17 + 11 = 3*d. What is the units digit of d?
8
What is the tens digit of 2 + 49 - (2 + 0)?
4
Let a = 5 + -2. Let k = 23 - 11. Suppose 3*g - 24 = -a*n, -2*g + 2*n + k = 3*n. What is the units digit of g?
4
Suppose -k + 0 = -7. Suppose -4*c + 2 = -y, -5*c = y - 0*y - k. Suppose 0*p - y*p + 20 = 0. What is the tens digit of p?
1
Let i(y) = y**2 - 5*y + 5. Let v = -1 - -6. Let m be i(v). Suppose 3*q = r + 9, -2*r + q - 13 = -m*r. What is the units digit of r?
3
Suppose 19 + 5 = -4*c. Let f = c - -17. What is the units digit of f?
1
What is the units digit of -5 - (-5)/((-30)/(-66))?
6
What is the units digit of 63 + -5 + 5 + 5?
8
Suppose 2*r - r = 26. Let c = r + -13. What is the units digit of c?
3
Let m(l) = -6*l**2 - 3*l**3 + 5*l**2 + 2*l - 3*l + 3*l. What is the units digit of m(-2)?
6
Suppose -15 = -10*f + 5*f. What is the units digit of f/12 - (-1314)/24?
5
Let v = 28 + -1. What is the tens digit of v?
2
Suppose -2*i + 7*i - 15 = 0. Suppose i*h + 8 = 56. What is the units digit of h?
6
What is the tens digit of -1*422/2*(0 + -1)?
1
Suppose -80 = 20*x - 15*x. Let r be 1/(2*3/186). Let t = r + x. What is the tens digit of t?
1
Let x(s) = -45*s**3 - 11*s**2 - 3*s + 5. Let b(f) = -22*f**3 - 5*f**2 - f + 2. Let r(d) = -7*b(d) + 3*x(d). What is the units digit of r(1)?
0
Suppose 0 = -4*i + 20. Let o(d) = -7 + 2*d - d + 2*d. What is the units digit of o(i)?
8
Suppose 0 = -4*s - 2*j + 266, s + 7 = 4*j + 51. What is the units digit of s?
4
Let j(c) be the third derivative of c**4/12 + 7*c**3/6 - 2*c**2. What is the units digit of j(7)?
1
Let l(a) = 3*a**3 - 1. Let t be l(-1). Let f(c) = c**3 - 9*c**2 + 18*c - 4. Let z be f(5). Let x = t - z. What is the units digit of x?
0
Let q(u) be the third derivative of -u**6/120 - u**5/5 - u**4/24 - u**3/6 + u**2. What is the tens digit of q(-12)?
1
Let u be ((-28)/(-8))/(3/96). Suppose 5*p - u = p. What is the tens digit of p?
2
Let b(m) = -m**3 - 4*m**2 - 3*m. Let g be b(-3). Let u be (g/1)/(5 - 3). Suppose u = 3*k - 6*a + 3*a - 15, -5*a = 3*k + 9. What is the units digit of k?
2
Suppose n = -5*f + 11, 0*f = -4*f - 3*n. Suppose 0 = -f*s - s + 44. What is the tens digit of s?
1
L